
In base 6, what is 350413 + 414?
351231
In base 6, what is -150 - -101334?
101144
In base 11, what is -1237 - 280?
-1507
In base 12, what is 287b - 4?
2877
In base 4, what is 12010020020 + 3?
12010020023
In base 2, what is 111 + -1001001011011000?
-1001001011010001
In base 4, what is 1131002 + -22?
1130320
In base 14, what is -2 + 40266?
40264
In base 13, what is -156 - -11?
-145
In base 6, what is -5 - 14241?
-14250
In base 16, what is -4 + 584cc?
584c8
In base 14, what is -16d2b6 + 4?
-16d2b2
In base 10, what is -270186 + -3?
-270189
In base 6, what is -4 + 1055254?
1055250
In base 5, what is -2 + 1312102?
1312100
In base 11, what is -6 - 4627?
-4632
In base 14, what is -34cc - -30?
-349c
In base 3, what is -120 + -112112112?
-112120002
In base 8, what is 12660 + 10?
12670
In base 6, what is 2452132 + 3?
2452135
In base 5, what is -2003 + 302?
-1201
In base 11, what is -a2a8 - 3?
-a300
In base 4, what is 2 - -3110123?
3110131
In base 16, what is -a8 - -1148?
10a0
In base 2, what is 1 - 1111001101110111?
-1111001101110110
In base 8, what is 2 - -1625242?
1625244
In base 16, what is 31c + 125?
441
In base 7, what is 346351 + 3?
346354
In base 6, what is 30 + 3431?
3501
In base 3, what is 2110221 - 21202?
2012012
In base 5, what is 140311 - 1100?
134211
In base 5, what is 13003230 - -1?
13003231
In base 10, what is 143529 - -3?
143532
In base 10, what is 35973 + -28?
35945
In base 12, what is -569053 + -5?
-569058
In base 14, what is 4 - -93b03?
93b07
In base 7, what is 5 + 6341112?
6341120
In base 13, what is -44988 + 3?
-44985
In base 3, what is 1102122 + -2211?
1022211
In base 12, what is -22a7 - 110?
-23b7
In base 11, what is -33a3 + 76?
-3328
In base 3, what is -202 - 11222?
-12201
In base 5, what is 40144 - 40?
40104
In base 13, what is -46c7a - -1?
-46c79
In base 2, what is 110010 - 10111001?
-10000111
In base 7, what is 1504264 + 1?
1504265
In base 3, what is -1 - -100110200221?
100110200220
In base 5, what is -330311 + -2041?
-332402
In base 10, what is 837 + -311?
526
In base 12, what is -23b146 + 5?
-23b141
In base 4, what is -2220331 - 30?
-2221021
In base 6, what is 24543 - 1312?
23231
In base 3, what is -10011111 - -1002?
-10010102
In base 6, what is -5 - 450553?
-451002
In base 10, what is 100 + -1934?
-1834
In base 15, what is 1 + 2a3?
2a4
In base 9, what is -38 + 1052?
1013
In base 11, what is 29923 + -a5?
29829
In base 7, what is -1155464 - 11?
-1155505
In base 5, what is 3214334 - -1?
3214340
In base 10, what is 8 + 1146?
1154
In base 13, what is 77 - -393?
43a
In base 4, what is -1100 + 121?
-313
In base 11, what is 9959 - 75?
9894
In base 16, what is 3 - -24278?
2427b
In base 12, what is -ba + 1989?
188b
In base 15, what is ca5 - 72?
c33
In base 9, what is -152442 - -4?
-152437
In base 12, what is -5 - -1236?
1231
In base 15, what is -1147c - 2?
-1147e
In base 9, what is 1310 + -11?
1288
In base 11, what is 261892 - 2?
261890
In base 2, what is -10001100 + -101101111001?
-110000000101
In base 2, what is -11011010001 - -1000?
-11011001001
In base 5, what is -31313 + -1?
-31314
In base 11, what is 310702 + -1?
310701
In base 9, what is -87 - 186?
-284
In base 14, what is 308 - -502?
80a
In base 6, what is -4 - -4554000?
4553552
In base 12, what is 4477 - -29?
44a4
In base 15, what is 0 + -1602a?
-1602a
In base 6, what is -14 + -1304411?
-1304425
In base 14, what is 19 + -a2d?
-a14
In base 3, what is -20001200 - 120002?
-20121202
In base 8, what is 2 - 15544?
-15542
In base 11, what is 656 - 65?
5a1
In base 12, what is -2 + 5820a?
58208
In base 2, what is -100 + 110010111110110?
110010111110010
In base 3, what is 12202120020 + 220?
12202121010
In base 13, what is 54 - 483?
-42c
In base 5, what is -10043421 - 0?
-10043421
In base 12, what is 4 - -225a41?
225a45
In base 12, what is -5 - 523496?
-52349b
In base 6, what is -240 + 503?
223
In base 3, what is -2100 - 21001120?
-21010220
In base 7, what is -423431 - 5?
-423436
In base 16, what is 4 - 29f7a?
-29f76
In base 10, what is -1 + -4964?
-4965
In base 11, what is -401a93 + 4?
-401a8a
In base 6, what is 135 - -55403?
55542
In base 9, what is -5 - 20624?
-20630
In base 9, what is 1 - -4768?
4770
In base 16, what is 5b7 + 3c?
5f3
In base 5, what is 2 - 12321?
-12314
In base 8, what is -353 + -13023?
-13376
In base 8, what is 0 - 10225?
-10225
In base 2, what is 1110 - -10101111001?
10110000111
In base 13, what is b5066 - 1?
b5065
In base 3, what is -100 + -11220220210?
-11220221010
In base 11, what is -a3072 + -3?
-a3075
In base 5, what is 42420 + -1?
42414
In base 6, what is -321400 + 31?
-321325
In base 10, what is -16106 + -35?
-16141
In base 8, what is 4 - 44766?
-44762
In base 12, what is -564 - -b9?
-467
In base 9, what is -8214321 + 4?
-8214316
In base 5, what is 10 + 121331?
121341
In base 7, what is 300 + 551?
1151
In base 9, what is 23842 - -5?
23847
In base 4, what is 3320322 + 10?
3320332
In base 4, what is 3 + 201333033?
201333102
In base 12, what is -255 + -228?
-481
In base 7, what is -55 - -2664?
2606
In base 10, what is 4 - 17546?
-17542
In base 12, what is -1 - 27626?
-27627
In base 10, what is -44 + 469?
425
In base 13, what is 1aa + 251?
42b
In base 16, what is 75ba9 - -5?
75bae
In base 10, what is -99 + 2485?
2386
In base 8, what is -135221 - 6?
-135227
In base 15, what is 41 - 9c0?
-97e
In base 3, what is -101 + 2211122020?
2211121212
In base 12, what is -1275a + 5?
-12755
In base 15, what is -6622 + 9?
-6618
In base 8, what is -1250 - -164?
-1064
In base 11, what is 4 - -27426?
2742a
In base 11, what is 674 - 1652?
-a89
In base 9, what is 66055 + -2?
66053
In base 2, what is 101000101001 + 100100?
101001001101
In base 13, what is 7 - -a37ca?
a3804
In base 9, what is -848 + 7?
-841
In base 4, what is 201223201 + -31?
201223110
In base 7, what is -30460224 + -2?
-30460226
In base 5, what is 211 - 13124134?
-13123423
In base 15, what is 7 - -9b3?
9ba
In base 3, what is -101021002 - 101012?
-101122021
In base 11, what is -2247 + -42?
-2289
In base 9, what is -600 + -186?
-786
In base 4, what is -12 + 1131311?
1131233
In base 13, what is -2 - 6967a?
-6967c
In base 3, what is 201000 + 212002?
1120002
In base 14, what is 9 - 16a0?
-1695
In base 6, what is -11150 - -5?
-11141
In base 9, what is 5720 + 2022?
7742
In base 8, what is -143 - -66174?
66031
In base 15, what is -33a96 - 0?
-33a96
In base 4, what is -101333321 - 10?
-101333331
In base 14, what is -10b9018 - 1?
-10b9019
In base 7, what is 256 - -6502?
10061
In base 3, what is 11121121 + 201?
11122022
In base 11, what is 147 + -82?
75
In base 2, what is 101001 - 111001111110?
-111001010101
In base 6, what is -504141415 + 2?
-504141413
In base 8, what is 1 - -27755?
27756
In base 14, what is -46a + c?
-45c
In base 7, what is 266 + 510?
1106
In base 3, what is -121 - 10222?
-11120
In base 15, what is -1c - 12c2?
-12de
In base 14, what is 2a - -19a?
1c6
In base 2, what is -1101110110000110 - 0?
-1101110110000110
In base 4, what is 110 + 21300?
22010
In base 7, what is -2153 + 204?
-1646
In base 8, what is 14651 - 4?
14645
In base 10, what is -30781 + -2?
-30783
In base 15, what is 2d5 - -129?
40e
In base 14, what is 5169 + 1?
516a
In base 5, what is -14024431 + -24?
-14030010
In base 16, what is -b1f - -1d?
-b02
In base 10, what is -329429 + 3?
-329426
In base 10, what is 3 + -10554?
-10551
In base 8, what is -130 - 166656?
-167006
In base 7, what is -3 + -300621?
-300624
In base 5, what is 134323020 + -1?
134323014
In base 4, what is 30032111 - -112?
30032223
In base 12, what is -333b - 3?
-3342
In base 15, what is -14bc + -13?
-14d0
In base 7, what is -1 - 1525621?
-1525622
In base 5, what is 0 + 220241240?
220241240
In base 9, what is -188 + -3186?
-3385
In base 11, what is -6514 - -10?
-6504
In base 13, what is 1 + 11093?
11094
In base 9, what is -86 + -6155?
-6252
In base 9, what is 3 - -6766?
6770
In base 14, what is b7c74 + 0?
b7c74
In base 14, what is -6cbbd - 2?
-6cbc1
In base 15, what is 4 + -2451?
-244c
In base 10, what is 15968 + -3?
15965
In base 9, what is 2 - 1178022?
-1178020
In base 6, what is -24551 - 35?
-25030
In base 15, what is -e690 + -4?
-e694
In base 14, what is -6 + dca?
dc4
In base 7, what is -606 + 2640?
2031
In base 6, what is -231 - 110134?
-110405
In base 7, what is 150200 